ber?
False
Suppose -2*s = -5*b - 43, -2*s - 23 = 5*b + s. Is (-2 - (1 - 0))*b a prime number?
False
Let b(s) = -2*s**3 - 5*s**2 + 4*s + 5. Is b(-4) prime?
True
Suppose 166 + 54 = 4*o. Is o a composite number?
True
Let h = 232 - 98. Is h a composite number?
True
Let x(o) = 283*o - 5. Is x(6) a prime number?
True
Let r be (6 - 3)*(-4)/(-6). Suppose 6*t - 3*q = 4*t + 254, -t - r*q = -127. Is (t - 1) + 4 + -3 prime?
True
Let t(c) = -4 - 2 + 17*c + 0 + 0. Is t(5) composite?
False
Suppose -d = b - 142, -414 = -3*d - 0*d + b. Is d a composite number?
False
Suppose -3*n = 4*i - 27, -2*i - i = -4*n + 11. Let p be (15/(-9))/(i/(-63)). Suppose -2*b + p = -9. Is b a composite number?
True
Let j(f) = -146*f - 3. Is j(-2) a composite number?
True
Suppose -5*a = 2*a - 2667. Is a composite?
True
Suppose 0 = -2*n + n. Suppose 0*v - 5*v + 1175 = n. Is v a prime number?
False
Let t = 417 - -274. Is t a prime number?
True
Let w(y) = 116*y - 65. Is w(6) prime?
True
Suppose -29 = -t + 5. Suppose -68 = -3*u + t. Is u a composite number?
True
Let m(h) = -h - 9. Let n be m(-4). Let x(i) be the first derivative of -2*i**2 - i + 2. Is x(n) a prime number?
True
Let p(b) be the second derivative of -b**3/2 - b**2/2 + b. Let i be p(-1). Is i/((-208)/(-102) - 2) a prime number?
False
Suppose -2*o - 25 = 3*o. Let p(y) = -32*y + 7. Is p(o) prime?
True
Is -8 - -9 - -20*206/4 composite?
False
Let u(y) = 13*y + 16. Is u(13) composite?
True
Let q(a) = 3 + a**2 + 4*a**2 - 1 - 2*a + 1. Is q(-4) a composite number?
True
Let t(y) = 78*y**3 - 26*y**3 + 4 - y**2 + 215*y**3 - 3. Is t(1) a composite number?
True
Suppose -2*w = 6*r - 3*r - 941, -5*r = 3*w - 1409. Is w prime?
False
Suppose 153 + 103 = 4*j. Suppose -j = -2*s - 4. Let l = s - -5. Is l a prime number?
False
Suppose 5*z + 0*l = -4*l + 23, -2*z - 2*l + 8 = 0. Suppose 5*q + 15 = 0, 0 = 4*p - z*p - 3*q + 90. Is p composite?
True
Let p(d) = 2*d**3 - 7*d**2 + 9*d + 25. Is p(12) prime?
False
Let f(d) = 3*d + 7. Is f(8) prime?
True
Let d = -40 - -153. Suppose -4*h + 43 = -d. Suppose 0 = -4*v + 5 + h. Is v composite?
False
Suppose 5*q + 3*v = 27, -2*v + 0 + 5 = -q. Is q*((-77)/(-3) - 0) a prime number?
False
Suppose -4*o + 343 = 5*u - 1998, 0 = 2*u + 2*o - 936. Is u prime?
False
Suppose 4*x - 3*x = 2. Is 0 + (0 - -129) - x composite?
False
Suppose o + 39 = 4*c, 0 = -2*c + 3*c. Let l = o + 185. Is l a composite number?
True
Let g = -70 + 185. Is g a composite number?
True
Let y be (141/(-12))/(2/(-8)). Let k = 64 + y. Is k composite?
True
Let m be (-2)/3 - 33/(-9). Let r(s) = 5*s + 3. Let u be r(m). Suppose 0 = 2*t - 168 - u. Is t composite?
True
Let a = 1749 - 673. Is a/12 + 4/(-6) a composite number?
False
Let g = 2 + -23. Let n = 35 + g. Is n a composite number?
True
Suppose 5*a = a - 16, 0 = -5*n + a - 531. Let v = n + 216. Is v prime?
True
Let t(z) = 71*z**2 + z + 7. Is t(3) composite?
True
Let c(s) = -5*s**2 - s + 1. Let f be c(1). Let x = -3 - f. Suppose -x*o + 185 = 3*g + 26, -3*o = -4*g + 229. Is g prime?
False
Suppose -16 + 1 = -5*z. Suppose -4*t = -z*h + 725, -3*t - 76 = -5*h + 1147. Is h a prime number?
False
Is (0 + 3)*(-222)/(-9) prime?
False
Let b be 6/9*(-4 - -1). Let i be -2 + b/(-4)*4. Is 28 + i + 1 + -3 composite?
True
Let h(s) = 3*s**2 + s. Let r = -6 + 8. Is h(r) a composite number?
True
Suppose -o + h = -6, -2*h = -4*o + 5*o. Suppose -g + 1 + 3 = 5*f, -f = o*g - 73. Is g prime?
True
Let j = 4 - 25. Suppose -5*t = n - 265, -5*t - 30 = 2*n - 300. Let r = j + t. Is r prime?
True
Let h = -666 + 1463. Let f = h + -480. Is f a prime number?
True
Let f(z) = -z**3 + 2*z**2 - 2*z + 1193. Is f(0) a composite number?
False
Let f(x) = 2*x + 48 - 21 - 3*x. Let v be f(0). Is v/2 + 2/4 a prime number?
False
Suppose -2*n + 0*n = 0. Is (-2 - n)*66/(-4) a prime number?
False
Let a(i) = i**3 - 3*i**2 + 4*i - 9. Is a(6) a composite number?
True
Let c(m) = -4*m**2 + 3*m + 3. Let o(q) = 5*q**2 - 4*q - 4. Let x(j) = 6*c(j) + 5*o(j). Let l be x(3). Is l + 27 - (-2 - -4) composite?
True
Suppose -6*g = -2644 - 8162. Is g a composite number?
False
Suppose -u = -0*t + t, 4*u - 4 = -5*t. Suppose -3*g - t*b + 418 = 0, -g - g + 4*b + 252 = 0. Is g prime?
False
Let t be ((-1)/(-1))/((-2)/(-4)). Let h = 4 - t. Suppose 4*b - h*l - 84 = 2*b, 4*b - 144 = -2*l. Is b prime?
False
Is 739 - (2 + -2 + 0) composite?
False
Let f(t) = 16*t**2 - 5. Is f(4) composite?
False
Suppose 2*c = 3*c - g + 8, 0 = -g. Is c + 10 + (0 - -2) composite?
True
Let g(m) = m**2 + 21*m - 23. Is g(14) a composite number?
False
Let a = 118 - 9. Is a a composite number?
False
Suppose -2*n + 5*o + 201 = 0, n - 3*n + 171 = 5*o. Is n a prime number?
False
Suppose -2*v + 681 = 5*t, 3*v - 1008 = 4*t - 7*t. Is v/(-6)*12/(-9) prime?
False
Suppose k - 4*r = 405, -428 - 1234 = -4*k - 5*r. Is k prime?
False
Let b(q) = -5*q**3 - q**2 + 1. Let k be b(-1). Suppose -2*w + 163 = -k*r, -6*r + 281 = 4*w - r. Is w composite?
True
Let m = 18 - 11. Suppose -3*s - m*h - 15 = -4*h, 5*s - 5*h + 65 = 0. Is (s/(-4))/(2/8) a composite number?
True
Suppose 0 = 3*p - 8*p + 15. Suppose -4*v - 120 = -4*t, -p*t - 91 = -6*t + 2*v. Is t a composite number?
False
Let n(s) = 19*s - 2. Let q be n(-4). Let y = 145 + q. Is y prime?
True
Let x = 210 - -64. Is x composite?
True
Let q be -3 - ((-1 - -60) + 3). Let s = q + 124. Is s a prime number?
True
Suppose -3*d + 0*d + 2437 = 4*l, -l = d - 608. Is l a composite number?
False
Let z = 0 + 24. Suppose -2*x = 2*o + z, -o + x - 10 = -0*x. Let u = o - -104. Is u a composite number?
True
Is 8/((-12)/3) - 339*-9 a composite number?
False
Suppose -s - 58 = -2*x, 5*x - 3*s - s = 145. Suppose -2*b = a - x, 0 = -2*a + 7*a + 5. Is b composite?
True
Suppose c - 3*c + 2*o + 6 = 0, -5*o - 15 = 0. Let i(s) = s**2 + 9. Is i(c) a composite number?
True
Suppose 3*k = -15, 3*k + 65 + 338 = 4*d. Is d a prime number?
True
Suppose 21 - 9 = 2*g. Let o(k) = -k - g + 0 + k**2 + 1. Is o(4) a composite number?
False
Suppose n + 135 = 5*p - 0*n, 4*p - 99 = -n. Is p a composite number?
True
Suppose -4*a - 15 = a. Is 370 + (-2 - a)/1 prime?
False
Let o(y) be the second derivative of y**6/120 + y**5/40 + y**4/6 + y. Let c(d) be the third derivative of o(d). Is c(5) a composite number?
True
Let h = 12 + -7. Suppose 0 = -h*m - 3*n + 4*n + 171, m - 5*n = 15. Let s = m + -25. Is s composite?
True
Suppose 3922 = 5*c + 507. Is c a composite number?
False
Let p be (-400)/6 + 3/(-9). Is p*(2 + (4 - 13)) a prime number?
False
Suppose -671 = -4*u + 1217. Suppose -5*t + 963 = -u. Is t prime?
False
Suppose -4*b + 39848 - 11316 = 0. Is b a prime number?
False
Suppose -8*f = -3*f - 615. Suppose -r + f = -0*r - 2*i, -i - 660 = -5*r. Is r prime?
False
Let j(b) = 13*b - 8 + 9 - 3. Is j(1) composite?
False
Suppose -3*z - 8 = -2, -4*z - 13 = -f. Suppose 5*t + 0*i + 3*i - 5211 = 0, t = 5*i + 1059. Is t/30 + 1/f composite?
True
Let h be 1/2 - (-9)/6. Is -1 - (-2)/(h/15) prime?
False
Let k(o) be the second derivative of -o**5/10 - 7*o**4/12 + o**3/6 + o**2 - o. Let z be k(-5). Is (-1)/(z/(-70) + 1) a composite number?
True
Is (-2 - 0 - 0)*(-57768)/48 prime?
False
Suppose -5*z - 4*k + 3*k + 743 = 0, 0 = -4*k - 8. Is z composite?
False
Suppose -2*r + 5*x - 81 = 0, -5*x - 14 + 57 = -r. Let h be 15/3*1*-5. Let m = h - r. Is m composite?
False
Let m be 1/2 - 1521/(-6). Suppose -3*c = -c - m. Is c prime?
True
Is (-2)/(-8) - 2614/(-8) a prime number?
False
Let w(d) = -d**3 + 7*d**2 + 2. Let f be w(7). Is 13 + 4/f*-1 prime?
True
Let o(m) be the first derivative of m**4/2 + 2*m**3 - 2*m**2 + 3*m + 5. Is o(4) a prime number?
True
Let i(w) be the second derivative of -w**3/2 - w**2 - 4*w. Let m(s) = -s**3 + 5*s**2 - 6*s + 3. Let r be m(4). Is i(r) prime?
True
Is -239*1/(-2)*2*5 composite?
True
Let i(u) = 4*u**2 + 10*u - 9. Let c be i(-9). Let l(a) = a**2 + a - 148. Let v be l(0). Let o = v + c. Is o a composite number?
True
Let o = -293 + 610. Is o a prime number?
True
Suppose -5*q = -4*w - 1291, -72 - 185 = -q + 2*w. Is q a composite number?
True
Suppose -10167 = 4*a - 7*a - t, a - 3389 = -4*t. Is a a prime number?
True
Let y be -2 + 9 + 2*-1. Suppose 185 - 1090 = -y*x. Let d = x + -128. Is d composite?
False
Let a(d) = 10*d - 3. Let n be a(7). Suppose 0 = g + 2*x - 40, 4*x - 16 = g - 80. Let z = n - g. Is z prime?
True
Let u